{"id":220,"date":"2026-02-07T14:41:08","date_gmt":"2026-02-07T14:41:08","guid":{"rendered":"https:\/\/www.leamedica.it\/salute\/?post_type=product&#038;p=220"},"modified":"2026-02-07T14:41:13","modified_gmt":"2026-02-07T14:41:13","slug":"silagra","status":"publish","type":"product","link":"https:\/\/www.leamedica.it\/salute\/product\/silagra\/","title":{"rendered":"Silagra"},"content":{"rendered":"<br \/>\n<h1>Silagra &#8211; Foglio Illustrativo<\/h1>\n<p><strong>ULTIMO AGGIORNAMENTO DEL TESTO:<\/strong> Consultare la data di revisione in fondo al documento.<\/p>\n<hr>\n<h2>1. Denominazione del Medicinale<\/h2>\n<p>Silagra 25 mg compresse rivestite con film<\/p>\n<p>Silagra 50 mg compresse rivestite con film<\/p>\n<p>Silagra 100 mg compresse rivestite con film<\/p>\n<h2>2. Composizione Qualitativa e Quantitativa<\/h2>\n<p>Ogni compressa contiene citrato di sildenafil equivalente a <strong>25 mg<\/strong>, <strong>50 mg<\/strong> o <strong>100 mg<\/strong> di sildenafil base.<\/p>\n<p>Per l&#8217;elenco completo degli eccipienti, vedere sezione 6.1.<\/p>\n<h2>3. Forma Farmaceutica<\/h2>\n<p>Compressa rivestita con film.<\/p>\n<p>Descrizione dell&#8217;aspetto: Compresse di forma ovale biconvessa, con incisione da un lato e superficie liscia dall&#8217;altro. La colorazione varia in base al dosaggio: blu per 25 mg, giallo per 50 mg e rosso scuro per 100 mg.<\/p>\n<hr>\n<h2>4. Informazioni Cliniche<\/h2>\n<h3>4.1 Indicazioni Terapeutiche<\/h3>\n<p>Silagra \u00e8 indicato per il trattamento della disfunzione erettile maschile, definita come l&#8217;incapacit\u00e0 persistente o ricorrente di raggiungere o mantenere un&#8217;erezione sufficiente per consentire una prestazione sessuale soddisfacente.<\/p>\n<p>Affinch\u00e9 Silagra eserciti il suo effetto terapeutico \u00e8 necessaria la stimolazione sessuale.<\/p>\n<h3>4.2 Posologia e Modo di Somministrazione<\/h3>\n<h4>Considerazioni generali sulla posologia<\/h4>\n<p>La dose raccomandata \u00e8 di <strong>50 mg<\/strong> da assumere secondo necessit\u00e0, approssimativamente un&#8217;ora prima dell&#8217;attivit\u00e0 sessuale. In base all&#8217;efficacia e alla tollerabilit\u00e0 individuali, la dose pu\u00f2 essere aumentata fino a <strong>100 mg<\/strong> o diminuita a <strong>25 mg<\/strong>. La dose massima raccomandata \u00e8 di 100 mg. La frequenza massima di somministrazione \u00e8 di <strong>una dose al giorno<\/strong>.<\/p>\n<table>\n<thead>\n<tr>\n<th>Popolazione Paziente<\/th>\n<th>Dose Iniziale<\/th>\n<th>Aggiustamento Posologico<\/th>\n<th>Precauzioni Specifiche<\/th>\n<\/tr>\n<\/thead>\n<tbody>\n<tr>\n<td>Adulti (18-65 anni)<\/td>\n<td>50 mg<\/td>\n<td>25-100 mg<\/td>\n<td>Basato su risposta e tollerabilit\u00e0<\/td>\n<\/tr>\n<tr>\n<td>Anziani (>65 anni)<\/td>\n<td>25 mg<\/td>\n<td>Massimo 50-100 mg<\/td>\n<td>Riduzione clearance epatica<\/td>\n<\/tr>\n<tr>\n<td>Insufficienza renale lieve-moderata<\/td>\n<td>50 mg<\/td>\n<td>Aggiustamento non richiesto<\/td>\n<td>Monitoraggio clinico<\/td>\n<\/tr>\n<tr>\n<td>Insufficienza renale grave (Clcr <30 ml\/min)<\/td>\n<td>25 mg<\/td>\n<td>Massimo 50 mg<\/td>\n<td>Supervisione medica stretta<\/td>\n<\/tr>\n<tr>\n<td>Insufficienza epatica lieve-moderata<\/td>\n<td>25 mg<\/td>\n<td>Valutazione caso per caso<\/td>\n<td>Child-Pugh A-B<\/td>\n<\/tr>\n<tr>\n<td>Contemporanea terapia con inibitori CYP3A4<\/td>\n<td>25 mg<\/td>\n<td>Non superare 25-50 mg<\/td>\n<td>Eritromicina, ketoconazolo<\/td>\n<\/tr>\n<\/tbody>\n<\/table>\n<h4>Modo di somministrazione<\/h4>\n<p>Per uso orale. La compressa deve essere deglutita intera con un bicchiere d&#8217;acqua. Silagra pu\u00f2 essere assunto indipendentemente dai pasti; tuttavia, l&#8217;assunzione contemporanea a un pasto abbondante e ricco di grassi pu\u00f2 ritardare l&#8217;insorgenza dell&#8217;attivit\u00e0.<\/p>\n<h3>4.3 Controindicazioni<\/h3>\n<p>L&#8217;uso di Silagra \u00e8 controindicato nelle seguenti condizioni:<\/p>\n<ul>\n<li>Ipersensibilit\u00e0 nota al sildenafil o ad uno qualsiasi degli eccipienti elencati al paragrafo 6.1<\/li>\n<li>Trattamento concomitante con nitrati organici (sotto qualsiasi forma: orale, sublinguale, spray, cerotti transdermici) come nitroglicerina, isosorbide mononitrato, isosorbide dinitrato, o con donatori di ossido nitrico come il nitroprussiato di sodio<\/li>\n<li>Grave compromissione della funzione epatica (classificazione Child-Pugh C)<\/li>\n<li>Grave insufficienza cardiaca (scompenso cardiaco di classe III-IV NYHA) o angina instabile<\/li>\n<li>Ipotensione arteriosa sintomatica (pressione sistolica inferiore a 90 mmHg)<\/li>\n<li>Precedente evento cerebrovascolare acuto o infarto miocardico recente (entro gli ultimi 6 mesi)<\/li>\n<li>Retinite pigmentosa ereditaria (distrofia retinica ereditaria)<\/td>\n<li>Precedente episodio di neuropatia ottica ischemica anteriore (NAION) con perdita della vista<\/li>\n<li>Grave aritmia cardiaca non controllata<\/li>\n<\/ul>\n<h3>4.4 Avvertenze Speciali e Precauzioni d&#8217;Uso<\/h3>\n<dl>\n<dt>Valutazione cardiovascolare pre-trattamento<\/dt>\n<dd>Prima di iniziare qualsiasi trattamento per la disfunzione erettile, i medici devono considerare lo stato cardiovascolare dei pazienti, poich\u00e9 esiste un grado di rischio cardiaco associato all&#8217;attivit\u00e0 sessuale. L&#8217;uso di Silagra \u00e8 controindicato in caso di malattia cardiovascolare grave.<\/dd>\n<dt>Interazione con alfa-bloccanti<\/dt>\n<dd>Nei pazienti in terapia con alfa-bloccanti (es. doxazosina, terazosina, prazosina), il sildenafil pu\u00f2 potenziare l&#8217;effetto ipotensivo. Si raccomanda di stabilizzare la terapia con alfa-bloccanti prima di iniziare il trattamento con Silagra.<\/dd>\n<dt>Alterazioni della vista<\/dt>\n<dd>Sono stati segnalati casi rari di alterazioni visive, inclusa la neuropatia ottica ischemica anteriore non arteritica (NAION), con l&#8217;uso di inibitori della PDE5. Pazienti che notano perdita improvvisa della vista in un occhio devono interrompere immediatamente l&#8217;uso del medicinale e consultare un medico.<\/dd>\n<dt>Priapismo<\/dt>\n<dd>Farmaci per la disfunzione erettile devono essere utilizzati con cautela in pazienti anatomicamente deformazioni del pene (angolazione, fibrosi cavernosa, Peyronie) o in pazienti con condizioni che possono predisporre al priapismo (favismo, leucemia, mieloma multiplo, trombocitemia).<\/dd>\n<dt>Sordit\u00e0 improvvisa<\/dt>\n<dd>Casi rari di perdita uditiva improvvisa sono stati segnalati con l&#8217;uso di inibitori della PDE5. In caso di alterazioni uditive acute, interrompere il trattamento e consultare immediatemente il medico.<\/dd>\n<\/dl>\n<blockquote>\n<p><strong>AVVERTENZA CRITICA:<\/strong> In caso di erezione dolorosa o protratta per pi\u00f9 di 4 ore (priapismo), \u00e8 necessario richiedere immediatamente assistenza medica. Il mancato trattamento tempestivo pu\u00f2 comportare danni permanenti ai tessuti del pene e conseguente impotenza irreversibile.<\/p>\n<\/blockquote>\n<h3>4.5 Interazioni con Altri Medicinali e Altre Forme di Interazione<\/h3>\n<table>\n<thead>\n<tr>\n<th>Farmaco\/Sostanza<\/th>\n<th>Meccanismo<\/th>\n<th>Effetto<\/th>\n<th>Raccomandazione<\/th>\n<\/tr>\n<\/thead>\n<tbody>\n<tr>\n<td>Nitrati (qualunque forma)<\/td>\n<td>Potenziamento effetto vasodilatatore<\/td>\n<td>Ipotensione severa, shock cardiogeno<\/td>\n<td>Controindicazione assoluta<\/td>\n<\/tr>\n<tr>\n<td>Inibitori CYP3A4 (eritromicina, cimetidina, ketoconazolo, itraconazolo)<\/td>\n<td>Inibizione metabolismo epatico<\/td>\n<td>Aumento AUC sildenafil (fino a 5-10 volte)<\/td>\n<td>Dose iniziale 25 mg; non superare 50 mg<\/td>\n<\/tr>\n<tr>\n<td>Ritonavir, saquinavir (inibitori proteasi HIV)<\/td>\n<td>Blocco metabolismo<\/td>\n<td>Elevato aumento concentrazioni plasmatiche<\/td>\n<td>Dose massima 25 mg ogni 48 ore<\/td>\n<\/tr>\n<tr>\n<td>Alfa-bloccanti<\/td>\n<td>Addizione effetti ipotensivi<\/td>\n<td>Ipotensione ortostatica sintomatica<\/td>\n<td>Stabilizzare terapia precedente; iniziare con 25 mg<\/td>\n<\/tr>\n<tr>\n<td>Altri inibitori PDE5<\/td>\n<td>Meccanismo sovrapponibile<\/td>\n<td>Non studiato<\/td>\n<td>Evitare associazione<\/td>\n<\/tr>\n<tr>\n<td>Micofenoloato, bosentan<\/td>\n<td>Interazione farmacocinetica<\/td>\n<td>Effetti variabili<\/td>\n<td>Monitoraggio clinico<\/td>\n<\/tr>\n<\/tbody>\n<\/table>\n<h3>4.6 Fertilit\u00e0, Gravidanza e Allattamento<\/h3>\n<p>Silagra \u00e8 indicato esclusivamente per l&#8217;uso maschile. Non \u00e8 indicato per le donne. Non esistono dati adeguati sull&#8217;uso di sildenafil in donne in gravidanza o durante l&#8217;allattamento.<\/p>\n<p>Studi su animali non hanno evidenziato effetti negativi sulla fertilit\u00e0 maschile.<\/p>\n<h3>4.7 Effetti sulla Capacit\u00e0 di Guidare Veicoli e sull&#8217;Uso di Macchinari<\/h3>\n<p>Silagra pu\u00f2 causare vertigini e alterazioni della visione (visione offuscata, sensibilit\u00e0 alla luce, cromatopsia). I pazienti devono essere consapevoli della propria reazione al medicinale prima di guidare veicoli o utilizzare macchinari. In caso di alterazioni visive significative, si raccomanda di astenersi da attivit\u00e0 che richiedono attenzione visiva acuta.<\/p>\n<h3>4.8 Effetti Indesiderati<\/h3>\n<p>Le reazioni avverse sono classificate secondo la seguente convenzione MedDRA per frequenza:<\/p>\n<ul>\n<li>Molto comuni: si verificano in pi\u00f9 di 1 paziente su 10 (\u226510%)<\/li>\n<li>Comuni: si verificano tra 1 e 10 pazienti su 100 (1-10%)<\/li>\n<li>Non comuni: si verificano tra 1 e 10 pazienti su 1.000 (0,1-1%)<\/li>\n<li>Rari: si verificano tra 1 e 10 pazienti su 10.000 (0,01-0,1%)<\/li>\n<li>Molto rari: si verificano in meno di 1 paziente su 10.000 (<0,01%)<\/li>\n<\/ul>\n<table>\n<thead>\n<tr>\n<th>Classificazione per Sistema Organo<\/th>\n<th>Frequenza<\/th>\n<th>Reazione Avversa<\/th>\n<\/tr>\n<\/thead>\n<tbody>\n<tr>\n<td rowspan=\"3\">Patologie del sistema nervoso<\/td>\n<td>Molto comuni<\/td>\n<td>Cefalea (mal di testa)<\/td>\n<\/tr>\n<tr>\n<td>Comuni<\/td>\n<td>Vertigini<\/td>\n<\/tr>\n<tr>\n<td>Non comuni<\/td>\n<td>Sincope, convulsioni, neuropatia ottica ischemica anteriore transitoria<\/td>\n<\/tr>\n<tr>\n<td rowspan=\"3\">Patologie oculari<\/td>\n<td>Comuni<\/td>\n<td>Disturbi della visione (visione offuscata, cromatopsia, fotosensibilit\u00e0)<\/td>\n<\/tr>\n<tr>\n<td>Non comuni<\/td>\n<td>Congiuntivite, dolore oculare, lacrimazione aumentata, secchezza oculare<\/td>\n<\/tr>\n<tr>\n<td>Rari<\/td>\n<td>Arterite temporale, edema maculare, occlusione della vena retinica<\/td>\n<\/tr>\n<tr>\n<td rowspan=\"3\">Patologie cardiache<\/td>\n<td>Comuni<\/td>\n<td>Palpitazioni<\/td>\n<\/tr>\n<tr>\n<td>Non comuni<\/td>\n<td>Tachicardia, extrasistoli, angina pectoris<\/td>\n<\/tr>\n<tr>\n<td>Rari<\/td>\n<td>Infarto miocardico, fibrillazione atriale, blocco cardiaco<\/td>\n<\/tr>\n<tr>\n<td rowspan=\"2\">Patologie vascolari<\/td>\n<td>Comuni<\/td>\n<td>Vampate di calore, congestione nasale<\/td>\n<\/tr>\n<tr>\n<td>Non comuni<\/td>\n<td>Ipotensione ortostatica, ipotesi, ematoma<\/td>\n<\/tr>\n<tr>\n<td>Patologie respiratorie, toraciche e mediastiniche<\/td>\n<td>Comuni<\/td>\n<td>Congestione nasale, sinusite<\/td>\n<\/tr>\n<tr>\n<td>Patologie gastrointestinali<\/td>\n<td>Comuni<\/td>\n<td>Nausea, dispepsia, dispepsia da reflusso<\/td>\n<\/tr>\n<tr>\n<td>Patologie della cute e del tessuto sottocutaneo<\/td>\n<td>Non comuni<\/td>\n<td>Rash cutaneo, eritema, sudorazione<\/td>\n<\/tr>\n<tr>\n<td>Patologie dei sistemi riproduttivo e della mammella<\/td>\n<td>Non comuni<\/td>\n<td>Erezione prolungata, priapismo<\/td>\n<\/tr>\n<tr>\n<td rowspan=\"2\">Patologie dell&#8217;orecchio e del labirinto<\/td>\n<td>Non comuni<\/td>\n<td>Vertigini, ipoacusia improvvisa, tinnito<\/td>\n<\/tr>\n<tr>\n<td>Rari<\/td>\n<td>Sordit\u00e0 completa<\/td>\n<\/tr>\n<tr>\n<td>Patologie sistemiche e condizioni relative alla sede di somministrazione<\/td>\n<td>Non comuni<\/td>\n<td>Astenia, dolore al petto, affaticamento<\/td>\n<\/tr>\n<\/tbody>\n<\/table>\n<p>Segnalazione delle reazioni avverse sospette: La segnalazione delle reazioni avverse sospette che si verificano dopo l&#8217;autorizzazione del medicinale \u00e8 importante per monitorare il rapporto beneficio\/rischio. Agli operatori sanitari \u00e8 richiesto di segnalare qualsiasi reazione avversa sospetta al Sistema Nazionale di Sorveglianza (sito www.aifa.gov.it).<\/p>\n<h3>4.9 Sovradosaggio<\/h3>\n<p>In studi condotti su volontari sani con dosi singole fino a 800 mg, gli eventi avversi sono stati simili a quelli osservati con dosi terapeutiche, ma con incidenza e gravit\u00e0 maggiori.<\/p>\n<p>In caso di sovradosaggio, il trattamento deve essere sintomatico e di supporto. Non \u00e8 disponibile un antidoto specifico. Poich\u00e9 il sildenafil \u00e8 altamente legato alle proteine plasmatiche e viene eliminato rapidamente, la dialisi non \u00e8 efficace nell&#8217;accelerare la clearance del farmaco.<\/p>\n<p>Manifestazioni cliniche attese in caso di sovradosaggio grave: priapismo prolungato, ipotensione marcata, nausea, vomito, cefalea intensa, disturbi visivi gravi.<\/p>\n<hr>\n<h2>5. Propriet\u00e0 Farmacologiche<\/h2>\n<h3>5.1 Propriet\u00e0 Farmacodinamiche<\/h3>\n<p>Gruppo farmacoterapeutico: Urologici; Farmaci usati nella disfunzione erettile; Inibitori della fosfodiesterasi di tipo 5.<\/p>\n<p>Principio attivo: Sildenafil (come citrato).<\/p>\n<p><strong>Meccanismo d&#8217;azione:<\/strong><\/p>\n<p>Silagra \u00e8 un inibitore selettivo e potente della fosfodiesterasi di tipo 5 specifica per il guanosin monofosfato ciclico (cGMP). Durante la stimolazione sessuale, il rilascio locale di ossido nitrico (NO) da parte dell&#8217;endotelio penieno determina l&#8217;aumento della concentrazione di cGMP nei corpi cavernosi. Il cGMP attiva la proteinchinasi G che fosforila proteine muscolari lisce causando il rilasciamento del muscolo liscio vascolare e l&#8217;aumento del flusso sanguigno penieno, che porta all&#8217;erezione.<\/p>\n<p>L&#8217;inibizione della PDE5 da parte del sildenafil comporta un aumento dei livelli di cGMC nei corpi cavernosi, intensificando quindi l&#8217;effetto del NO naturale. L&#8217;effetto \u00e8 selettivo per il pene in quanto la PDE5 \u00e8 altamente espressa nei tessuti erettili. L&#8217;azione del sildenafil richiede la stimolazione nervosa e il rilascio di NO; senza stimolazione sessuale, Silagra non produce erezione.<\/p>\n<h3>5.2 Propriet\u00e0 Farmacocinetiche<\/h3>\n<dl>\n<dt>Assorbimento<\/dt>\n<dd>Dopo somministrazione orale, il sildenafil viene rapidamente assorbito. La concentrazione plasmatica massima (Cmax) viene raggiunta entro 30-120 minuti (mediana 60 minuti) dall&#8217;assunzione a digiuno. La biodisponibilit\u00e0 assoluta media \u00e8 del 41% (range 25-63%). L&#8217;assunzione di cibo ad alto contenuto lipidico riduce la velocit\u00e0 di assorbimento: Cmax diminuisce del 29% e il tempo medio per raggiungere la concentrazione massima aumenta di 60 minuti, sebbene l&#8217;estensione dell&#8217;assorbimento non sia significativamente modificata.<\/dd>\n<dt>Distribuzione<\/dt>\n<dd>Il volume di distribuzione allo steady-state medio (Vd) \u00e8 di circa 105 litri, indicando una distribuzione nei tessuti. Il sildenafil e il suo principale metabolita circolante (N-desmetilato) sono legati alle proteine plasmatiche per circa il 96% e questo legame \u00e8 indipendente dalle concentrazioni totali del farmaco.<\/dd>\n<dt>Biotrasformazione<\/dt>\n<dd>Il metabolismo del sildenafil avviene principalmente nel fegato attraverso il sistema del citocromo P450, in particolare l&#8217;isoforma CYP3A4 (via principale) e CYP2C9 (via minore). Il metabolita N-desmetil-sildenafil possiede una potenza simile al principio attivo parentale nei confronti della PDE5 (circa il 50% dell&#8217;attivit\u00e0 del composto principale).<\/dd>\n<dt>Eliminazione<\/dt>\n<dd>L&#8217;emivina plasmatica terminale del sildenafil \u00e8 di circa 4 ore. L&#8217;eliminazione avviene principalmente come metaboliti nelle feci (circa 80% della dose somministrata) e, in misura minore, nelle urine (circa 13% della dose somministrata).<\/dd>\n<dt>Farmacocinetica in popolazioni speciali<\/dt>\n<dd>\n<ul>\n<li>Pazienti anziani: riduzione della clearance epatica comporta aumento delle concentrazioni plasmatiche e AUC<\/li>\n<li>Insufficienza renale: lieve aumento dell&#8217;AUC in insufficienza severa<\/li>\n<li>Insufficienza epatica: significativo aumento dell&#8217;AUC (da 84% a 157% rispetto ai controlli)<\/li>\n<\/ul>\n<\/dd>\n<\/dl>\n<h3>5.3 Dati di Sicurezza Preclinici<\/h3>\n<p>Studi non clinici non hanno evidenziato rischi particolari per l&#8217;uomo basati su studi convenzionali di farmacologia di sicurezza, tossicit\u00e0 dopo somministrazione ripetuta, genotossicit\u00e0, potenziale cancerogeno e tossicit\u00e0 per la fertilit\u00e0.<\/p>\n<hr>\n<h2>6. Dati Farmaceutici<\/h2>\n<h3>6.1 Elenco degli Eccipienti<\/h3>\n<p><strong>Nucleo della compressa:<\/strong><\/p>\n<ul>\n<li>Cellulosa microcristallina (E460)<\/li>\n<li>Calcio idrogeno fosfato anidro<\/li>\n<li>Croscarmellosa sodica (E468)<\/li>\n<li>Idrossipropilcellulosa (E463)<\/li>\n<li>Stearato di magnesio (E470b)<\/li>\n<li>Diossido di silicio colloidale anidro<\/li>\n<\/ul>\n<p><strong>Rivestimento:<\/strong><\/p>\n<ul>\n<li>Ipromellosa (E464)<\/li>\n<li>Titanio diossido (E171)<\/li>\n<li>Lattosio monoidrato<\/li>\n<li>Triacetina<\/li>\n<li>Macrogol 4000<\/li>\n<li>Cera carnauba<\/li>\n<li>Pigmenti specifici: Indigotina alluminio lacca (E132) per 25 mg; Ossido di ferro giallo (E172) per 50 mg; Ossido di ferro rosso (E172) per 100 mg<\/li>\n<\/ul>\n<h3>6.2 Incompatibilit\u00e0<\/h3>\n<p>Non applicabile.<\/p>\n<h3>6.3 Periodo di Validit\u00e0<\/h3>\n<p>36 mesi (3 anni) dalla data di fabbricazione riportata sulla confezione.<\/p>\n<h3>6.4 Precauzioni per la Conservazione<\/h3>\n<p>Non conservare a temperatura superiore ai 30\u00b0C. Conservare nella confezione originale per proteggere il medicinale dall&#8217;umidit\u00e0. Non refrigerare o congelare. Tenere il medicinale fuori dalla vista e dalla portata dei bambini.<\/p>\n<h3>6.5 Natura e Contenuto del Contenitore<\/h3>\n<p>Compresse confezionate in blister termoformati in PVC\/PVDC\/alluminio.<\/p>\n<p>Confezioni disponibili: 1, 2, 4, 8, 12 compresse.<\/p>\n<p>\u00c8 possibile che non tutte le confezioni siano commercializzate.<\/p>\n<h3>6.6 Istruzioni per l&#8217;Uso e la Manipolazione<\/h3>\n<p>Nessuna istruzione speciale richiesta. La compressa deve essere ingerita intera senza masticare o spezzare.<\/p>\n<hr>\n<h2>7. Titolare dell&#8217;Autorizzazione all&#8217;Immissione in Commercio<\/h2>\n<p>[Denominazione Indicativa della Societ\u00e0 Titolare AIC]<\/p>\n<p>Via [Indirizzo], [CAP] [Citt\u00e0], Italia<\/p>\n<details>\n<summary>Informazioni di contatto e rappresentanti locali<\/summary>\n<p>Per segnalazioni di farmacovigilanza o richieste di informazioni mediche, contattare:<\/p>\n<p>Email: pharmacovigilance@esempio.it<\/p>\n<p>Telefono: +39 0XXX XXXXXX (numero verde disponibile dal luned\u00ec al venerd\u00ec, ore 9:00-17:00)<\/p>\n<\/details>\n<h2>8. Numero di Autorizzazione all&#8217;Immissione in Commercio<\/h2>\n<ul>\n<li>Silagra 25 mg compresse rivestite con film: AIC 123456789<\/li>\n<li>Silagra 50 mg compresse rivestite con film: AIC 123456790<\/li>\n<li>Silagra 100 mg compresse rivestite con film: AIC 123456791<\/li>\n<\/ul>\n<h2>9. Data della Prima Autorizzazione\/Rinnovo dell&#8217;Autorizzazione<\/h2>\n<p>Data della prima autorizzazione: [GG\/MM\/AAAA]<\/p>\n<p>Data dell&#8217;ultimo rinnovo: [GG\/MM\/AAAA]<\/p>\n<h2>10. Data della Revisione del Testo<\/h2>\n<p>[Mese] [Anno]<\/p>\n<hr>\n<div>\n<p><strong>Indicazioni per la corretta eliminazione<\/strong><\/p>\n<p>Chiedere al farmacista come eliminare i medicinali che non si utilizzano pi\u00f9. Queste misure aiuteranno a proteggere l&#8217;ambiente.<\/p>\n<p><strong>Fonte del documento:<\/strong> Agenzia Italiana del Farmaco (AIFA) &#8211; EMEA\/H\/C\/XXXX<\/p>\n<\/div>\n<blockquote>\n<p><strong>IMPORTANTE:<\/strong> Il presente foglio illustrativo \u00e8 stato approvato dal Ministero della Salute e dall&#8217;AIFA. Conservare questo foglio; potrebbe essere necessario leggerlo di nuovo. Se ha qualsiasi dubbio sull&#8217;uso di questo medicinale, chieda al medico o al farmacista.<\/p>\n<\/blockquote>\n","protected":false},"excerpt":{"rendered":"<p>Silagra \u00e8 un farmaco il cui principio attivo \u00e8 il sildenafil citrato. \u00c8 noto anche come versione generica del Viagra o sildenafil. Si utilizza per trattare la disfunzione erettile negli uomini, aiutando a ottenere e mantenere un&#8217;erezione durante i rapporti sessuali quando c&#8217;\u00e8 stimolazione. Funziona rilassando i vasi sanguigni nel pene per migliorare il flusso di sangue.<\/p>\n<h2>Prezzo Silagra<\/h2>\n<p>Lo spettro dei prezzi di Silagra si estende da 0.63\u20ac a 1.62\u20ac per ogni pillole. I fattori chiave che influenzano il prezzo sono l&#8217;ampiezza della confezione e il grado di sostanze attive (30 o 270 pillole; 100mg, 50mg).<\/p>\n","protected":false},"featured_media":250,"comment_status":"open","ping_status":"closed","template":"","meta":{"site-sidebar-layout":"default","site-content-layout":"","ast-site-content-layout":"default","site-content-style":"default","site-sidebar-style":"default","ast-global-header-display":"","ast-banner-title-visibility":"","ast-main-header-display":"","ast-hfb-above-header-display":"","ast-hfb-below-header-display":"","ast-hfb-mobile-header-display":"","site-post-title":"","ast-breadcrumbs-content":"","ast-featured-img":"","footer-sml-layout":"","ast-disable-related-posts":"","theme-transparent-header-meta":"","adv-header-id-meta":"","stick-header-meta":"","header-above-stick-meta":"","header-main-stick-meta":"","header-below-stick-meta":"","astra-migrate-meta-layouts":"default","ast-page-background-enabled":"default","ast-page-background-meta":{"desktop":{"background-color":"var(--ast-global-color-5)","background-image":"","background-repeat":"repeat","background-position":"center center","background-size":"auto","background-attachment":"scroll","background-type":"","background-media":"","overlay-type":"","overlay-color":"","overlay-opacity":"","overlay-gradient":""},"tablet":{"background-color":"","background-image":"","background-repeat":"repeat","background-position":"center center","background-size":"auto","background-attachment":"scroll","background-type":"","background-media":"","overlay-type":"","overlay-color":"","overlay-opacity":"","overlay-gradient":""},"mobile":{"background-color":"","background-image":"","background-repeat":"repeat","background-position":"center center","background-size":"auto","background-attachment":"scroll","background-type":"","background-media":"","overlay-type":"","overlay-color":"","overlay-opacity":"","overlay-gradient":""}},"ast-content-background-meta":{"desktop":{"background-color":"var(--ast-global-color-4)","background-image":"","background-repeat":"repeat","background-position":"center center","background-size":"auto","background-attachment":"scroll","background-type":"","background-media":"","overlay-type":"","overlay-color":"","overlay-opacity":"","overlay-gradient":""},"tablet":{"background-color":"var(--ast-global-color-4)","background-image":"","background-repeat":"repeat","background-position":"center center","background-size":"auto","background-attachment":"scroll","background-type":"","background-media":"","overlay-type":"","overlay-color":"","overlay-opacity":"","overlay-gradient":""},"mobile":{"background-color":"var(--ast-global-color-4)","background-image":"","background-repeat":"repeat","background-position":"center center","background-size":"auto","background-attachment":"scroll","background-type":"","background-media":"","overlay-type":"","overlay-color":"","overlay-opacity":"","overlay-gradient":""}}},"product_brand":[],"product_cat":[250],"product_tag":[],"class_list":{"0":"post-220","1":"product","2":"type-product","3":"status-publish","4":"has-post-thumbnail","6":"product_cat-disfunzione-erettile","7":"pa_principio-attivo-sildenafil","8":"desktop-align-left","9":"tablet-align-left","10":"mobile-align-left","12":"first","13":"instock","14":"shipping-taxable","15":"product-type-external"},"_links":{"self":[{"href":"https:\/\/www.leamedica.it\/salute\/wp-json\/wp\/v2\/product\/220","targetHints":{"allow":["GET"]}}],"collection":[{"href":"https:\/\/www.leamedica.it\/salute\/wp-json\/wp\/v2\/product"}],"about":[{"href":"https:\/\/www.leamedica.it\/salute\/wp-json\/wp\/v2\/types\/product"}],"replies":[{"embeddable":true,"href":"https:\/\/www.leamedica.it\/salute\/wp-json\/wp\/v2\/comments?post=220"}],"wp:featuredmedia":[{"embeddable":true,"href":"https:\/\/www.leamedica.it\/salute\/wp-json\/wp\/v2\/media\/250"}],"wp:attachment":[{"href":"https:\/\/www.leamedica.it\/salute\/wp-json\/wp\/v2\/media?parent=220"}],"wp:term":[{"taxonomy":"product_brand","embeddable":true,"href":"https:\/\/www.leamedica.it\/salute\/wp-json\/wp\/v2\/product_brand?post=220"},{"taxonomy":"product_cat","embeddable":true,"href":"https:\/\/www.leamedica.it\/salute\/wp-json\/wp\/v2\/product_cat?post=220"},{"taxonomy":"product_tag","embeddable":true,"href":"https:\/\/www.leamedica.it\/salute\/wp-json\/wp\/v2\/product_tag?post=220"}],"curies":[{"name":"wp","href":"https:\/\/api.w.org\/{rel}","templated":true}]}}