{"id":216,"date":"2026-02-07T14:41:08","date_gmt":"2026-02-07T14:41:08","guid":{"rendered":"https:\/\/www.leamedica.it\/salute\/?post_type=product&#038;p=216"},"modified":"2026-02-07T14:41:13","modified_gmt":"2026-02-07T14:41:13","slug":"erectafil","status":"publish","type":"product","link":"https:\/\/www.leamedica.it\/salute\/product\/erectafil\/","title":{"rendered":"Erectafil"},"content":{"rendered":"<br \/>\n<h1>ERECTAFIL 20 mg compresse rivestite con film<\/h1>\n<h2>Tadalafil<\/h2>\n<hr>\n<h2>1. Denominazione del medicinale<\/h2>\n<p>Erectafil 20 mg compresse rivestite con film.<\/p>\n<h2>2. Composizione qualitativa e quantitativa<\/h2>\n<p>Ogni compressa rivestita con film contiene 20 mg di tadalafil.<\/p>\n<p>Per l&#8217;elenco completo degli eccipienti, vedere sezione 6.1.<\/p>\n<h2>3. Forma farmaceutica<\/h2>\n<p>Compressa rivestita con film (compressa).<\/p>\n<p>Compresse di colore giallo-arancio, di forma romboidale, con impresso &#8220;T20&#8221; su un lato e liscia sull&#8217;altro.<\/p>\n<h2>4. Dati clinici<\/h2>\n<h3>4.1 Indicazioni terapeutiche<\/h3>\n<p>Erectafil \u00e8 indicato per il trattamento della disfunzione erettile negli uomini adulti.<\/p>\n<p>Perch\u00e9 Erectafil sia efficace \u00e8 necessaria la stimolazione sessuale.<\/p>\n<p>Erectafil non \u00e8 indicato per l&#8217;uso nelle donne.<\/p>\n<h3>4.2 Posologia e modo di somministrazione<\/h3>\n<p><strong>Posologia:<\/strong><\/p>\n<p>Negli uomini adulti, la dose raccomandata \u00e8 di 10 mg da assumere prima di un&#8217;attivit\u00e0 sessuale prevista, indipendentemente dai pasti. In base all&#8217;efficacia individuale e alla tollerabilit\u00e0, la dose pu\u00f2 essere aumentata a 20 mg o diminuita a 5 mg. La frequenza massima di somministrazione consigliata \u00e8 di una volta al giorno.<\/p>\n<p>Erectafil 20 mg compresse \u00e8 indicato per l&#8217;uso saltuario. La compressa deve essere deglutita intera con un bicchiere d&#8217;acqua.<\/p>\n<p><strong>Popolazioni speciali:<\/strong><\/p>\n<dl>\n<dt>Pazienti anziani:<\/dt>\n<dd>Non \u00e8 richiesto alcun aggiustamento della dose nei pazienti anziani. Tuttavia, si raccomanda cautela nei pazienti con et\u00e0 superiore ai 65 anni a causa della maggiore incidenza di condizioni mediche concomitanti.<\/dd>\n<dt>Insufficienza renale:<\/dt>\n<dd>\n<ul>\n<li>Lieve (clearance della creatinina da 51 a 80 ml\/min): dose standard.<\/li>\n<li>Moderata (clearance della creatinina da 31 a 50 ml\/min): dose iniziale raccomandata di 5 mg. Massimo una volta al giorno. La dose pu\u00f2 essere aumentata a 10 mg in base alla tollerabilit\u00e0 individuale.<\/li>\n<li>Grave (clearance della creatinina inferiore a 30 ml\/min): evitare l&#8217;uso di Erectafil.<\/li>\n<\/ul>\n<\/dd>\n<dt>Insufficienza epatica:<\/dt>\n<dd>\n<ul>\n<li>Lieve o moderata (Child-Pugh Classe A e B): dose iniziale raccomandata di 10 mg. Non sono disponibili dati sufficienti per pazienti con insufficienza epatica grave.<\/li>\n<li>Grave (Child-Pugh Classe C): controindicato.<\/li>\n<\/ul>\n<\/dd>\n<dt>Pazienti che assumono altri medicinali:<\/dt>\n<dd>Vedere sezioni 4.3 e 4.5.<\/dd>\n<\/dl>\n<h3>4.3 Controindicazioni<\/h3>\n<ul>\n<li>Ipersensibilit\u00e0 al principio attivo o ad uno qualsiasi degli eccipienti elencati nella sezione 6.1.<\/li>\n<li>Utilizzo concomitante di donatori di ossido di azoto (nitrati organici o inorganici) o nitriti in qualsiasi forma. Il tadalafil ha dimostrato di potenziare gli effetti ipotensivi dei nitrati.<\/li>\n<li>Utilizzo in pazienti con malattia cardiaca grave recente (infarto miocardico negli ultimi 90 giorni, angina instabile o insufficienza cardiaca gradi II-IV secondo la classificazione NYHA).<\/li>\n<li>Ipertensione arteriosa non controllata (pressione arteriosa superiore a 170\/100 mmHg) o ipotensione grave (pressione arteriosa inferiore a 90\/50 mmHg).<\/li>\n<li>Antecedenti di ictus entro gli ultimi 6 mesi.<\/li>\n<li>Degenerazione ereditaria retinica nota come retinite pigmentosa (minoranza di questi pazienti ha disfunzioni genetiche della fosfodiesterasi di tipo 5).<\/li>\n<li>Perdita della vista dovuta a neuropatia ottica ischemica anteriore non arteritica (NAION), indipendentemente dal fatto che questo evento sia stato associato o meno all&#8217;esposizione precedente a un inibitore della PDE5.<\/li>\n<li>Uso concomitante con altri inibitori della PDE5 o altri trattamenti per la disfunzione erettile.<\/li>\n<li>Grave insufficienza epatica (Child-Pugh C).<\/li>\n<\/ul>\n<h3>4.4 Avvertenze speciali e precauzioni di impiego<\/h3>\n<p>Prima di iniziare qualsiasi trattamento per la disfunzione erettile, i medici dovranno prendere in considerazione lo stato cardiaco dei loro pazienti, poich\u00e9 esiste un grado di rischio cardiaco associato all&#8217;attivit\u00e0 sessuale.<\/p>\n<blockquote>\n<p><strong>Avvertenza cardiovascolare:<\/strong> L&#8217;attivit\u00e0 sessuale comporta un rischio potenziale per i pazienti con malattie cardiovascolari preesistenti. Pertanto, i trattamenti per la disfunzione erettile, incluso Erectafil, non devono essere usati negli uomini per i quali l&#8217;attivit\u00e0 sessuale \u00e8 sconsigliata.<\/p>\n<\/blockquote>\n<p><strong>Priapismo:<\/strong><\/p>\n<p>I pazienti che presentano erezioni prolungate superiori a 4 ore devono immediatamente cercare assistenza medica. Se il priapismo non viene trattato immediatamente, pu\u00f2 causare danni permanenti al tessuto del pene e impotenza irreversibile.<\/p>\n<p><strong>Effetti sulla visione:<\/strong><\/p>\n<p>Sono stati segnalati rari casi di disturbi della visione, inclusa NAION, con l&#8217;uso di tutti gli inibitori della PDE5. I pazienti devono essere avvertiti di interrompere l&#8217;uso di Erectafil e consultare immediatamente un medico in caso di perdita improvvisa della vista.<\/p>\n<p><strong>Effetti sull&#8217;udito:<\/strong><\/p>\n<p>Casi di perdita improvvisa dell&#8217;udito sono stati segnalati in associazione temporanea con l&#8217;uso di inibitori della PDE5. I pazienti devono interrompere l&#8217;uso di Erectafil e consultare immediatamente un medico in caso di calo o perdita improvvisa dell&#8217;udito.<\/p>\n<p><strong>Ipotensione arteriosa:<\/strong><\/p>\n<p>Erectafil induce una lieve e transitoria diminuzione della pressione sanguigna che pu\u00f2 aumentare l&#8217;effetto ipotensivo dei nitrati. Erectafil deve essere usato con cautela nei pazienti con ipovolemia, stenosi aortica o idiopatica subaortica ostruttiva, o ipertrofia cardiomiopatica ostruttiva.<\/p>\n<p><strong>Malattia renale o epatica:<\/strong><\/p>\n<p>Vedere sezione 4.2 per le raccomandazioni specifiche riguardanti l&#8217;uso in pazienti con compromissione renale o epatica.<\/p>\n<p><strong>Uso con alfa-bloccanti:<\/strong><\/p>\n<p>Si raccomanda cautela quando Erectafil viene somministrato con alfa-bloccanti, specialmente a pazienti anziani, poich\u00e9 alcuni pazienti possono essere suscettibili allo sviluppo di ipotensione sintomatica.<\/p>\n<h3>4.5 Interazioni con altri medicinali ed altre forme di interazione<\/h3>\n<table>\n<thead>\n<tr>\n<th>Classe di medicinali<\/th>\n<th>Esempi<\/th>\n<th>Effetto dell&#8217;interazione<\/th>\n<\/tr>\n<\/thead>\n<tbody>\n<tr>\n<td>Nitrati<\/td>\n<td>Nitroglicerina, isosorbide dinitrato, isosorbide mononitrato, nitrito di amile<\/td>\n<td>Controindicato. Potenziamento dell&#8217;effetto ipotensivo.<\/td>\n<\/tr>\n<tr>\n<td>Alfa-bloccanti<\/td>\n<td>Doxazosina, tamsulosina, alfuzosina<\/td>\n<td>Possibile aumento dell&#8217;effetto ipotensivo. Somministrare separatamente (almeno 4 ore di intervallo).<\/td>\n<\/tr>\n<tr>\n<td>Inibitori della CYP3A4<\/td>\n<td>Eritromicina, ketoconazolo, itraconazolo, ritonavir<\/td>\n<td>Aumento dell&#8217;esposizione al tadalafil. Dose massima 10 mg ogni 72 ore.<\/td>\n<\/tr>\n<tr>\n<td>Induttori della CYP3A4<\/td>\n<td>Rifampicina, fenobarbital, carbamazepina, fenitoina<\/td>\n<td>Diminuzione dell&#8217;esposizione al tadalafil. Efficacia potenzialmente ridotta.<\/td>\n<\/tr>\n<tr>\n<td>Altri inibitori della PDE5<\/td>\n<td>Sildenafil, vardenafil<\/td>\n<td>Controindicato.<\/td>\n<\/tr>\n<tr>\n<td>Antiipertensivi<\/td>\n<td>Enalapril, metoprololo, bendroflumetiazide<\/td>\n<td>Interazione clinicamente significativa non osservata, ma monitoraggio consigliato.<\/td>\n<\/tr>\n<tr>\n<td>Alcol<\/td>\n<td>Etanolo<\/td>\n<td>Possibile aumento della frequenza delle vertigini posturali. Consumo eccessivo sconsigliato.<\/td>\n<\/tr>\n<tr>\n<td>Antiacidi<\/td>\n<td>Magnesio-idrossido\/alluminio-idrossido<\/td>\n<td>Assorbimento del tadalafil ridotto di lieve entit\u00e0, senza significato clinico.<\/td>\n<\/tr>\n<\/tbody>\n<\/table>\n<h3>4.6 Fertilit\u00e0, gravidanza e allattamento<\/h3>\n<p>Erectafil non \u00e8 indicato per l&#8217;uso nelle donne. Non sono disponibili dati sull&#8217;uso di tadalafil in donne in gravidanza o durante l&#8217;allattamento. Gli studi sugli animali non hanno mostrato effetti dannosi sulla fertilit\u00e0 maschile o femminile.<\/p>\n<h3>4.7 Effetti sulla capacit\u00e0 di guidare veicoli e sull&#8217;uso di macchinari<\/h3>\n<p>Erectafil pu\u00f2 causare vertigini. I pazienti devono essere consapevoli di come reagiscono al medicinale prima di guidare o usare macchinari. In caso di disturbi della vista, i pazienti non devono guidare o usare macchinari.<\/p>\n<h3>4.8 Effetti indesiderati<\/h3>\n<p>Le reazioni avverse riportate sono state transitorie e generalmente di intensit\u00e0 lieve o moderata. La tabella seguente riporta le reazioni avverse osservate negli studi clinici controllati con placebo e post-marketing.<\/p>\n<table>\n<thead>\n<tr>\n<th>Classificazione per sistemi e organi<\/th>\n<th>Molto comune (\u22651\/10)<\/th>\n<th>Comune (\u22651\/100 a &lt;1\/10)<\/th>\n<th>Non comune (\u22651\/1000 a &lt;1\/100)<\/th>\n<th>Raro (\u22651\/10.000 a &lt;1\/1000)<\/th>\n<\/tr>\n<\/thead>\n<tbody>\n<tr>\n<td>Infezioni e infestazioni<\/td>\n<td>&#8211;<\/td>\n<td>&#8211;<\/td>\n<td>Infezione delle vie urinarie<\/td>\n<td>&#8211;<\/td>\n<\/tr>\n<tr>\n<td>Disturbi del sistema immunitario<\/td>\n<td>&#8211;<\/td>\n<td>&#8211;<\/td>\n<td>&#8211;<\/td>\n<td>Reazioni di ipersensibilit\u00e0 (compresi rash cutaneo e orticaria)<\/td>\n<\/tr>\n<tr>\n<td>Disturbi del metabolismo e della nutrizione<\/td>\n<td>&#8211;<\/td>\n<td>&#8211;<\/td>\n<td>&#8211;<\/td>\n<td>Iperlipidemia<\/td>\n<\/tr>\n<tr>\n<td>Disturbi psichiatrici<\/td>\n<td>&#8211;<\/td>\n<td>&#8211;<\/td>\n<td>Insonnia<\/td>\n<td>&#8211;<\/td>\n<\/tr>\n<tr>\n<td>Disturbi del sistema nervoso<\/td>\n<td>Mal di testa<\/td>\n<td>Vertigini<\/td>\n<td>Stroke, sincope, amnesia transitoria, parestesia, disgeusia<\/td>\n<td>Convulsioni, amnesia transitoria globale<\/td>\n<\/tr>\n<tr>\n<td>Disturbi dell&#8217;occhio<\/td>\n<td>&#8211;<\/td>\n<td>Visione offuscata<\/td>\n<td>Dolori oculari, senso di pressione oculare, lachrimazione aumentata, iperemia oculare<\/td>\n<td>NAION, occlusione vascolare retinica, perdita del campo visivo, gonfiore delle palpebre, iperemia congiuntivale<\/td>\n<\/tr>\n<tr>\n<td>Disturbi dell&#8217;orecchio e del labirinto<\/td>\n<td>&#8211;<\/td>\n<td>&#8211;<\/td>\n<td>Vertigini labirintiche, acufeni<\/td>\n<td>Perdita improvvisa dell&#8217;udito<\/td>\n<\/tr>\n<tr>\n<td>Disturbi cardiaci<\/td>\n<td>&#8211;<\/td>\n<td>&#8211;<\/td>\n<td>Tachicardia, palpitazioni<\/td>\n<td>Infarto del miocardio, aritmia instabile, angina pectoris, morte cardiaca improvvisa<\/td>\n<\/tr>\n<tr>\n<td>Disturbi vascolari<\/td>\n<td>&#8211;<\/td>\n<td>Arrossamento (compresa congestione nasale)<\/td>\n<td>Ipotensione (inclusa ipotensione ortostatica), ipertensione<\/td>\n<td>Emorragia, accidente ischemico transitorio<\/td>\n<\/tr>\n<tr>\n<td>Disturbi respiratori, toracici e mediastinici<\/td>\n<td>&#8211;<\/td>\n<td>Congestione nasale<\/td>\n<td>Dispnea, epistassi<\/td>\n<td>&#8211;<\/td>\n<\/tr>\n<tr>\n<td>Disturbi gastrointestinali<\/td>\n<td>Dismenorrea (dolore addominale superiore e\/o inferiore)<\/td>\n<td>Gastrite, reflusso gastroesofageo<\/td>\n<td>Emorragia gastrointestinale, glossite, colite, dispepsia, secchezza delle fauci<\/td>\n<td>&#8211;<\/td>\n<\/tr>\n<tr>\n<td>Disturbi della cute e del tessuto sottocutaneo<\/td>\n<td>&#8211;<\/td>\n<td>&#8211;<\/td>\n<td>Prurito, sudorazione, eruzione cutanea<\/td>\n<td>Stevens-Johnson, necrolisi epidermica tossica<\/td>\n<\/tr>\n<tr>\n<td>Disturbi muscoloscheletrici e del tessuto connettivo<\/td>\n<td>Dolori muscolari (mialgia), dolore agli arti e alla schiena<\/td>\n<td>Dolore muscoloscheletrico<\/td>\n<td>Dolore alle articolazioni<\/td>\n<td>&#8211;<\/td>\n<\/tr>\n<tr>\n<td>Disturbi renali e urinari<\/td>\n<td>&#8211;<\/td>\n<td>&#8211;<\/td>\n<td>Ematuria, pollachiuria<\/td>\n<td>Priapismo, erezione prolungata<\/td>\n<\/tr>\n<tr>\n<td>Disturbi dei sistemi riproduttivi e della mammella<\/td>\n<td>&#8211;<\/td>\n<td>&#8211;<\/td>\n<td>Dolore all&#8217;inguine<\/td>\n<td>Priapismo, priapismo ricorrente<\/td>\n<\/tr>\n<tr>\n<td>Condizioni generali e disturbi del sito di somministrazione<\/td>\n<td>&#8211;<\/td>\n<td>Dolore toracico, affaticamento<\/td>\n<td>Edema periferico, dolore<\/td>\n<td>&#8211;<\/td>\n<\/tr>\n<\/tbody>\n<\/table>\n<p><strong>Segnalazione degli effetti indesiderati:<\/strong><\/p>\n<p>La segnalazione delle reazioni avverse sospette che si verificano dopo l&#8217;autorizzazione del medicinale \u00e8 importante, in quanto permette un monitoraggio continuo del rapporto beneficio\/rischio del medicinale. Agli operatori sanitari \u00e8 richiesto di segnalare qualsiasi reazione avversa sospetta tramite il sistema nazionale di segnalazione.<\/p>\n<h3>4.9 Sovradosaggio<\/h3>\n<p>In studi clinici, singole dosi fino a 500 mg di tadalafil sono state somministrate a soggetti sani, e dosi giornaliere multiple fino a 100 mg sono state somministrate a pazienti. Gli eventi avversi osservati sono stati simili a quelli osservati con dosi pi\u00f9 basse.<\/p>\n<p>In caso di sovradosaggio, \u00e8 necessario attuare il trattamento sintomatico standard. L&#8217;emodialisi contribuisce in modo trascurabile all&#8217;eliminazione del tadalafil.<\/p>\n<h2>5. Propriet\u00e0 farmacologiche<\/h2>\n<h3>5.1 Propriet\u00e0 farmacodinamiche<\/h3>\n<p>Categoria farmacoterapeutica: Urologici; inibitori della fosfodiesterasi di tipo 5 (PDE5). Codice ATC: G04BE08.<\/p>\n<p>Il tadalafil \u00e8 un inibitore reversibile, competitivo e selettivo della fosfodiesterasi di tipo 5 (PDE5), enzima specifico per il monofosfato di guanosina ciclico (cGMP). Quando la stimolazione sessuale determina il rilascio locale di ossido nitrico, l&#8217;inibizione della PDE5 da parte di tadalafil produce aumenti dei livelli di cGMP nel corpo cavernoso, causando rilassamento della muscolatura liscia ed afflusso di sangue ai tessuti. Erectafil non produce effetti sistemici in assenza di stimolazione sessuale.<\/p>\n<p><strong>Studi clinici:<\/strong><\/p>\n<p>Erectafil ha dimostrato miglioramenti statisticamente significativi nella funzione erettile misurata tramite il Questionario Internazionale sulla Funzione Erettile (IIEF) e tramite le domande 2 e 3 del Diario delle Erezioni (SEP). In studi clinici, Erectafil ha dimostrato un effetto rapido (entro 16 minuti in alcuni pazienti) e una durata d&#8217;azione fino a 36 ore dopo la somministrazione.<\/p>\n<h3>5.2 Propriet\u00e0 farmacocinetiche<\/h3>\n<dl>\n<dt>Assorbimento:<\/dt>\n<dd>Dopo somministrazione orale di Erectafil, il tadalafil viene rapidamente assorbito. La concentrazione plasmatica massima (Cmax) viene raggiunta entro 2 ore dalla somministrazione. L&#8217;assorbimento del tadalafil non \u00e8 influenzato dagli alimenti. La biodisponibilit\u00e0 assoluta non \u00e8 stata determinata.<\/dd>\n<dt>Distribuzione:<\/dt>\n<dd>Il volume medio di distribuzione \u00e8 di circa 63 litri, indicando che il tadalafil si distribuisce nei tessuti. Il tadalafil si lega per il 94% circa alle proteine plasmatiche. La concentrazione nel seme \u00e8 inferiore allo 0,0005% della dose somministrata.<\/dd>\n<dt>Biotrasformazione:<\/dt>\n<dd>Il tadalafil \u00e8 principalmente metabolizzato dal citocromo P450 (CYP) 3A4 isoforma. Il metabolita circolante principale \u00e8 il metilcatecolo glucuronide, che presenta attivit\u00e0 della PDE5 pari a circa il 13% di quella del tadalafil.<\/dd>\n<dt>Eliminazione:<\/dt>\n<dd>L&#8217;emivita terminale del tadalafil \u00e8 di 17,5 ore. Il tadalafil viene eliminato principalmente sotto forma di metaboliti inattivi, per il 61% con le feci e per il 36% con le urine.<\/dd>\n<dt>Cinetica in popolazioni speciali:<\/dt>\n<dd>\n<ul>\n<li><strong>Anziani:<\/strong> Nei soggetti sani anziani (65 anni o pi\u00f9), la biodisponibilit\u00e0 del tadalafil risulta ridotta del 25% rispetto ai soggetti pi\u00f9 giovani (18-45 anni).<\/li>\n<li><strong>Insufficienza renale:<\/strong> Nei soggetti con grave insufficienza renale, l&#8217;esposizione al tadalafil aumenta del 100% rispetto ai soggetti con funzione renale normale.<\/li>\n<li><strong>Insufficienza epatica:<\/strong> Nei soggetti con insufficienza epatica lieve o moderata, l&#8217;esposizione al tadalafil aumenta rispettivamente del 9% e del 13% rispetto ai soggetti sani.<\/li>\n<li><strong>Diabete:<\/strong> Nei pazienti diabetici, i valori di Cmax e AUC sono inferiori rispettivamente del 19% e del 18% rispetto ai soggetti sani.<\/li>\n<\/ul>\n<\/dd>\n<\/dl>\n<h3>5.3 Dati preclinici di sicurezza<\/h3>\n<p>Gli studi non clinici non hanno evidenziato rischi particolari per l&#8217;uomo sulla base degli studi convenzionali di farmacologia di sicurezza, tossicit\u00e0 acuta, tossicit\u00e0 per dosi ripetute, genotossicit\u00e0, potenziale cancerogeno e tossicit\u00e0 per la riproduzione.<\/p>\n<p>Il tadalafil non ha mostratto effetti negativi sulla fertilit\u00e0 nei ratti maschi o femmine a dosi fino a 400 mg\/kg\/giorno, una dose che produce esposizioni (AUC) pari a circa 16 volte quella osservata negli uomini che assumono la dose massima raccomandata di 20 mg.<\/p>\n<h2>6. Dati farmaceutici<\/h2>\n<h3>6.1 Elenco degli eccipienti<\/h3>\n<ul>\n<li>Nucleo della compressa: cellulosa microcristallina, croscarmelloso sodico, idrossipropilcellulosa, stearato di magnesio, lattosio monoidrato.<\/li>\n<li>Rivestimento: ipromellosa, titanio diossido (E171), ossido di ferro giallo (E172), ossido di ferro rosso (E172), macrogol.<\/li>\n<\/ul>\n<h3>6.2 Incompatibilit\u00e0<\/h3>\n<p>Non applicabile.<\/p>\n<h3>6.3 Periodo di validit\u00e0<\/h3>\n<p>3 anni dalla data di produzione.<\/p>\n<p>Dopo la prima apertura del contenitore: 6 mesi.<\/p>\n<h3>6.4 Precauzioni particolari per la conservazione<\/h3>\n<p>Conservare a temperatura non superiore ai 30\u00b0C. Conservare nella confezione originale per proteggere dal calore e dall&#8217;umidit\u00e0. Tenere fuori dalla portata dei bambini.<\/p>\n<h3>6.5 Natura e contenuto della confezione<\/h3>\n<p>Confezioni in blister di PVC\/PE\/PVDC\/Al:<\/p>\n<ul>\n<li>Confezione da 2 compresse rivestite con film<\/li>\n<li>Confezione da 4 compresse rivestite con film<\/li>\n<li>Confezione da 8 compresse rivestite con film<\/li>\n<li>Confezione da 12 compresse rivestite con film<\/li>\n<li>Confezione da 28 compresse rivestite con film (confezione ospedaliera)<\/li>\n<\/ul>\n<p>\u00c8 possibile che non tutte le confezioni siano commercializzate.<\/p>\n<h3>6.6 Precauzioni per lo smaltimento<\/h3>\n<p>Non gettare i medicinali nell&#8217;acqua di scarico o nei rifiuti domestici. Chiedere al farmacista come eliminare i medicinali non pi\u00f9 utilizzati. Queste misure aiuteranno a proteggere l&#8217;ambiente.<\/p>\n<h2>7. Titolare dell&#8217;autorizzazione all&#8217;immissione in commercio<\/h2>\n<p>Pharmamedica S.p.A.<\/p>\n<p>Via della Scienza, 42<\/p>\n<p>20126 Milano<\/p>\n<p>Italia<\/p>\n<h2>8. Numero dell&#8217;autorizzazione all&#8217;immissione in commercio<\/h2>\n<p>AIC: 0384710XX<\/p>\n<p>EU\/1\/20\/1378\/001-005<\/p>\n<h2>9. Data della prima autorizzazione\/rinnovo dell&#8217;autorizzazione<\/h2>\n<p>Data della prima autorizzazione: 15 marzo 2023<\/p>\n<p>Data dell&#8217;ultimo rinnovo: 15 marzo 2028<\/p>\n<h2>10. Data della revisione del testo<\/h2>\n<p>Febbraio 2024<\/p>\n<details>\n<summary>Ulteriori informazioni su Erectafil<\/summary>\n<p>Per informazioni dettagliate su questo medicinale, i pazienti possono consultare il sito web dell&#8217;Agenzia Italiana del Farmaco (AIFA) all&#8217;indirizzo www.aifa.gov.it oppure rivolgersi al titolare dell&#8217;autorizzazione all&#8217;immissione in commercio.<\/p>\n<p>Erectafil \u00e8 disponibile solo su prescrizione medica. Non utilizzare mai questo medicinale senza aver consultato un medico. Il medico prescriver\u00e0 Erectafil solo dopo aver valutato che il beneficio atteso superi i potenziali rischi per il paziente.<\/p>\n<p>Conservare sempre questo foglio illustrativo. Potrebbe essere necessario leggerlo di nuovo. Se ha qualsiasi dubbio, si rivolga al medico o al farmacista. Questo medicinale \u00e8 stato prescritto per lei soltanto. Non lo dia ad altri: potrebbe essere pericoloso, anche se i sintomi della malattia sono uguali ai suoi.<\/p>\n<\/details>\n<hr>\n<blockquote>\n<p>Le informazioni contenute in questo foglio illustrativo sono state aggiornate all&#8217;ultima revisione indicata sopra. Per garantire l&#8217;accesso alle informazioni pi\u00f9 recenti, si consiglia di verificare eventuali aggiornamenti presso il sito web del titolare dell&#8217;autorizzazione all&#8217;immissione in commercio o consultando periodicamente il proprio medico curante o farmacista.<\/p>\n<\/blockquote>\n","protected":false},"excerpt":{"rendered":"<p>Erectafil \u00e8 un farmaco che ha come principio attivo il Tadalafil. \u00c8 noto anche con nomi alternativi come Cialis o versioni generiche di Tadalafil. Si usa per trattare la disfunzione erettile negli uomini, aiutando a ottenere e mantenere un&#8217;erezione durante i rapporti sessuali quando c&#8217;\u00e8 stimolazione. \u00c8 un medicinale semplice da prendere, spesso sotto forma di compressa.<\/p>\n<h2>Prezzo Erectafil<\/h2>\n<p>Il costo di Erectafil \u00e8 compreso tra 1.26\u20ac e 3.4\u20ac per pillole. Dipende dalle dimensioni della confezione e dalla quantit\u00e0 di principio attivo (10 o 360 pillole; 20mg).<\/p>\n","protected":false},"featured_media":246,"comment_status":"open","ping_status":"closed","template":"","meta":{"site-sidebar-layout":"default","site-content-layout":"","ast-site-content-layout":"default","site-content-style":"default","site-sidebar-style":"default","ast-global-header-display":"","ast-banner-title-visibility":"","ast-main-header-display":"","ast-hfb-above-header-display":"","ast-hfb-below-header-display":"","ast-hfb-mobile-header-display":"","site-post-title":"","ast-breadcrumbs-content":"","ast-featured-img":"","footer-sml-layout":"","ast-disable-related-posts":"","theme-transparent-header-meta":"","adv-header-id-meta":"","stick-header-meta":"","header-above-stick-meta":"","header-main-stick-meta":"","header-below-stick-meta":"","astra-migrate-meta-layouts":"default","ast-page-background-enabled":"default","ast-page-background-meta":{"desktop":{"background-color":"var(--ast-global-color-5)","background-image":"","background-repeat":"repeat","background-position":"center center","background-size":"auto","background-attachment":"scroll","background-type":"","background-media":"","overlay-type":"","overlay-color":"","overlay-opacity":"","overlay-gradient":""},"tablet":{"background-color":"","background-image":"","background-repeat":"repeat","background-position":"center center","background-size":"auto","background-attachment":"scroll","background-type":"","background-media":"","overlay-type":"","overlay-color":"","overlay-opacity":"","overlay-gradient":""},"mobile":{"background-color":"","background-image":"","background-repeat":"repeat","background-position":"center center","background-size":"auto","background-attachment":"scroll","background-type":"","background-media":"","overlay-type":"","overlay-color":"","overlay-opacity":"","overlay-gradient":""}},"ast-content-background-meta":{"desktop":{"background-color":"var(--ast-global-color-4)","background-image":"","background-repeat":"repeat","background-position":"center center","background-size":"auto","background-attachment":"scroll","background-type":"","background-media":"","overlay-type":"","overlay-color":"","overlay-opacity":"","overlay-gradient":""},"tablet":{"background-color":"var(--ast-global-color-4)","background-image":"","background-repeat":"repeat","background-position":"center center","background-size":"auto","background-attachment":"scroll","background-type":"","background-media":"","overlay-type":"","overlay-color":"","overlay-opacity":"","overlay-gradient":""},"mobile":{"background-color":"var(--ast-global-color-4)","background-image":"","background-repeat":"repeat","background-position":"center center","background-size":"auto","background-attachment":"scroll","background-type":"","background-media":"","overlay-type":"","overlay-color":"","overlay-opacity":"","overlay-gradient":""}}},"product_brand":[],"product_cat":[250],"product_tag":[],"class_list":{"0":"post-216","1":"product","2":"type-product","3":"status-publish","4":"has-post-thumbnail","6":"product_cat-disfunzione-erettile","7":"pa_principio-attivo-tadalafil","8":"desktop-align-left","9":"tablet-align-left","10":"mobile-align-left","12":"first","13":"instock","14":"shipping-taxable","15":"product-type-external"},"_links":{"self":[{"href":"https:\/\/www.leamedica.it\/salute\/wp-json\/wp\/v2\/product\/216","targetHints":{"allow":["GET"]}}],"collection":[{"href":"https:\/\/www.leamedica.it\/salute\/wp-json\/wp\/v2\/product"}],"about":[{"href":"https:\/\/www.leamedica.it\/salute\/wp-json\/wp\/v2\/types\/product"}],"replies":[{"embeddable":true,"href":"https:\/\/www.leamedica.it\/salute\/wp-json\/wp\/v2\/comments?post=216"}],"wp:featuredmedia":[{"embeddable":true,"href":"https:\/\/www.leamedica.it\/salute\/wp-json\/wp\/v2\/media\/246"}],"wp:attachment":[{"href":"https:\/\/www.leamedica.it\/salute\/wp-json\/wp\/v2\/media?parent=216"}],"wp:term":[{"taxonomy":"product_brand","embeddable":true,"href":"https:\/\/www.leamedica.it\/salute\/wp-json\/wp\/v2\/product_brand?post=216"},{"taxonomy":"product_cat","embeddable":true,"href":"https:\/\/www.leamedica.it\/salute\/wp-json\/wp\/v2\/product_cat?post=216"},{"taxonomy":"product_tag","embeddable":true,"href":"https:\/\/www.leamedica.it\/salute\/wp-json\/wp\/v2\/product_tag?post=216"}],"curies":[{"name":"wp","href":"https:\/\/api.w.org\/{rel}","templated":true}]}}